{"id":108,"date":"2016-04-27T18:12:34","date_gmt":"2016-04-27T17:12:34","guid":{"rendered":"http:\/\/www.mediahostsolutions.net\/lasalle\/?page_id=108"},"modified":"2019-01-03T09:35:08","modified_gmt":"2019-01-03T14:35:08","slug":"structures-danimation-et-de-decision","status":"publish","type":"page","link":"https:\/\/www.delasalle.qc.ca\/?page_id=108","title":{"rendered":"Organisation de la mission \u00e9ducative lasallienne"},"content":{"rendered":"<p style=\"text-align: justify;\">La mission \u00e9ducative lasallienne au Canada prend vie gr\u00e2ce aux diff\u00e9rents acteurs qui rendent cette mission agissante dans notre district. Pour ce faire, quatre grandes instances de d\u00e9cision et d&rsquo;animation permettent aux\u00a0lasalliens d&rsquo;ici de r\u00e9pondre\u00a0toujours plus\u00a0fid\u00e8lement \u00e0 l&rsquo;appel jadis lanc\u00e9 par saint Jean-Baptiste de La Salle d&rsquo;\u00e9duquer humainement et chr\u00e9tiennement les jeunes qui en ont besoin.<\/p>\n<h3>Chapitre de district<\/h3>\n<p>Tel que d\u00e9fini dans la R\u00e8gle des Fr\u00e8res des \u00c9coles chr\u00e9tiennes, le Chapitre de district\u00a0est une:<\/p>\n<blockquote>\n<p>137 Assembl\u00e9e de caract\u00e8re pastoral et administratif, le Chapitre de District manifeste l\u2019unit\u00e9 profonde qui existe entre les Fr\u00e8res et leur permet une participation active, directe ou d\u00e9l\u00e9gu\u00e9e, aux instances de r\u00e9flexion et de d\u00e9cision du District.<\/p>\n<p>Le Chapitre de District est convoqu\u00e9 par le Fr\u00e8re Visiteur. Il proc\u00e8de \u00e0 une \u00e9valuation de tous les aspects de la vie du District. Il tient compte de la situation locale et il programme des projets pr\u00e9cis de r\u00e9novation, d\u2019adaptation ou de d\u00e9veloppement \u00e0 r\u00e9aliser dans le proche avenir. \u00c9valuation et projets sont \u00e9labor\u00e9s en r\u00e9f\u00e9rence aux directives et aux orientations de l\u2019\u00c9glise et de l\u2019Institut.<\/p>\n<p>137.1 Le Chapitre de District organise son d\u00e9roulement de fa\u00e7on \u00e0 pouvoir \u00eatre interpell\u00e9 par les diverses instances de la Mission \u00e9ducative.<\/p>\n<\/blockquote>\n<h3>\u00a0Conseil de district<\/h3>\n<p>La R\u00e8gle des Fr\u00e8res des \u00c9coles chr\u00e9tiennes dit que:<\/p>\n<blockquote>\n<p>147 Le Conseil de District a pour mission de promouvoir l\u2019unit\u00e9 et d\u2019assister le Fr\u00e8re Visiteur dans l\u2019exercice de sa charge. Le Fr\u00e8re Visiteur et son Conseil \u00e9laborent ensemble les projets concernant la marche du District, et ils \u00e9tudient la mani\u00e8re de faire face aux probl\u00e8mes qui se pr\u00e9sentent.<\/p>\n<p>Chaque ann\u00e9e, le Fr\u00e8re Visiteur proc\u00e8de avec son Conseil \u00e0 une \u00e9valuation fraternelle de son propre travail et de l\u2019\u00e9tat du District.<\/p>\n<p>147.1 Le Fr\u00e8re Visiteur et son conseil travaillent de fa\u00e7on compl\u00e9mentaire avec les diverses instances de la mission pour \u00e9laborer les orientations et d\u00e9cisions concernant la mission, la responsabilit\u00e9 derni\u00e8re du Fr\u00e8re Visiteur \u00e9tant sauve.<\/p>\n<\/blockquote>\n<h3>Assembl\u00e9e de la mission<\/h3>\n<p style=\"text-align: justify;\">L&rsquo;Assembl\u00e9e de la mission est le lieu o\u00f9 Fr\u00e8res, associ\u00e9s la\u00efcs et partenaires lasalliens \u00e9valuent la situation de la mission dans le district, \u00e0 la lumi\u00e8re des textes officiels et des orientations de l\u2019Institut, et en fonction des besoins des jeunes et des \u0153uvres du district. Elle est une structure de discernement et de communion pour toutes les personnes et les groupes lasalliens impliqu\u00e9s dans la mission \u00e9ducative lasallienne. Elle est repr\u00e9sentative de ces personnes et de ces groupes. Elle d\u00e9termine les grandes orientations de la mission pour faire vivre le charisme lasallien, dans le district.<\/p>\n<p>Ses d\u00e9cisions doivent \u00eatre ent\u00e9rin\u00e9es par le Chapitre de district ou, \u00e0 d\u00e9faut, par le Conseil de district des F.\u00c9.C. du Canada francophone.<\/p>\n<h3>Conseil de la mission \u00e9ducative lasallienne<\/h3>\n<div class=\"content\">\n<p>Le Conseil de la mission \u00e9ducative lasallienne\u00a0(autrefois nomm\u00e9 le conseil des services \u00e9ducatifs lasalliens) est avant tout un lieu de r\u00e9flexion, d\u2019orientation, de coordination et d\u2019\u00e9valuation. \u00a0 Il doit veiller aux orientations prises par l\u2019Assembl\u00e9e de la mission.<\/p>\n<p>Son mandat est le suivant\u00a0:<\/p>\n<ul>\n<li>Mettre en \u0153uvre les orientations adopt\u00e9es\u00a0par l\u2019Assembl\u00e9e de la Mission;<\/li>\n<li>D\u00e9velopper des projets pour les jeunes et assurer leur suivi;<\/li>\n<li>D\u00e9velopper, promouvoir et assurer la notori\u00e9t\u00e9 du r\u00e9seau lasallien;<\/li>\n<li>Assurer la formation lasallienne de toutes les personnes engag\u00e9es dans la mission;<\/li>\n<li>D\u00e9velopper l\u2019association;<\/li>\n<li>Collaborer \u00e0 la planification du\u00a0calendrier des activit\u00e9s lasalliennes;<\/li>\n<li>Assurer l\u2019organisation des diff\u00e9rents \u00e9v\u00e9nements lasalliens;<\/li>\n<li>Assurer le suivi des communications par le biais de son secr\u00e9tariat;<\/li>\n<li>Pr\u00e9parer l\u2019ordre du jour de l\u2019Assembl\u00e9e de la Mission et voir \u00e0 son animation.<\/li>\n<\/ul>\n<p>Composition<\/p>\n<p>Le Conseil de la mission \u00e9ducative lasallienne est principalement compos\u00e9 de membres des \u0153uvres lasalliennes, dont les directeurs, et du Fr\u00e8re Provincial des F.\u00c9.C. qui est membre de droit.<\/p>\n<p>\u00a0<\/p>\n<\/div>\n<p><a href=\"https:\/\/www.delasalle.qc.ca\/?attachment_id=4144\">Organigramme pour la mission dans le district du Canada francophone.<\/a><\/p>\n<p>\u00a0<\/p>\n\n\n<figure class=\"wp-block-image\"><img loading=\"lazy\" decoding=\"async\" width=\"1024\" height=\"784\" src=\"https:\/\/www.delasalle.qc.ca\/wp-content\/uploads\/2019\/01\/organigramme-mission-2019-1024x784.jpg\" alt=\"\" class=\"wp-image-4144\" srcset=\"https:\/\/www.delasalle.qc.ca\/wp-content\/uploads\/2019\/01\/organigramme-mission-2019-1024x784.jpg 1024w, https:\/\/www.delasalle.qc.ca\/wp-content\/uploads\/2019\/01\/organigramme-mission-2019-300x230.jpg 300w, https:\/\/www.delasalle.qc.ca\/wp-content\/uploads\/2019\/01\/organigramme-mission-2019-768x588.jpg 768w, https:\/\/www.delasalle.qc.ca\/wp-content\/uploads\/2019\/01\/organigramme-mission-2019.jpg 1048w\" sizes=\"auto, (max-width: 1024px) 100vw, 1024px\" \/><\/figure>\n\n\n","protected":false},"excerpt":{"rendered":"<p>La mission \u00e9ducative lasallienne au Canada prend vie gr\u00e2ce aux diff\u00e9rents acteurs qui rendent cette mission agissante dans notre district. Pour ce faire, quatre grandes instances de d\u00e9cision et d&rsquo;animation permettent aux\u00a0lasalliens d&rsquo;ici de r\u00e9pondre\u00a0toujours plus\u00a0fid\u00e8lement \u00e0 l&rsquo;appel jadis lanc\u00e9 par saint Jean-Baptiste de La Salle d&rsquo;\u00e9duquer humainement et chr\u00e9tiennement les jeunes qui en ont&hellip;<\/p>\n","protected":false},"author":1,"featured_media":0,"parent":0,"menu_order":0,"comment_status":"closed","ping_status":"closed","template":"","meta":{"_bbp_topic_count":0,"_bbp_reply_count":0,"_bbp_total_topic_count":0,"_bbp_total_reply_count":0,"_bbp_voice_count":0,"_bbp_anonymous_reply_count":0,"_bbp_topic_count_hidden":0,"_bbp_reply_count_hidden":0,"_bbp_forum_subforum_count":0,"footnotes":""},"class_list":["post-108","page","type-page","status-publish","hentry"],"_links":{"self":[{"href":"https:\/\/www.delasalle.qc.ca\/index.php?rest_route=\/wp\/v2\/pages\/108","targetHints":{"allow":["GET"]}}],"collection":[{"href":"https:\/\/www.delasalle.qc.ca\/index.php?rest_route=\/wp\/v2\/pages"}],"about":[{"href":"https:\/\/www.delasalle.qc.ca\/index.php?rest_route=\/wp\/v2\/types\/page"}],"author":[{"embeddable":true,"href":"https:\/\/www.delasalle.qc.ca\/index.php?rest_route=\/wp\/v2\/users\/1"}],"replies":[{"embeddable":true,"href":"https:\/\/www.delasalle.qc.ca\/index.php?rest_route=%2Fwp%2Fv2%2Fcomments&post=108"}],"version-history":[{"count":17,"href":"https:\/\/www.delasalle.qc.ca\/index.php?rest_route=\/wp\/v2\/pages\/108\/revisions"}],"predecessor-version":[{"id":4149,"href":"https:\/\/www.delasalle.qc.ca\/index.php?rest_route=\/wp\/v2\/pages\/108\/revisions\/4149"}],"wp:attachment":[{"href":"https:\/\/www.delasalle.qc.ca\/index.php?rest_route=%2Fwp%2Fv2%2Fmedia&parent=108"}],"curies":[{"name":"wp","href":"https:\/\/api.w.org\/{rel}","templated":true}]}}