{"id":124,"date":"2016-04-27T19:34:58","date_gmt":"2016-04-27T18:34:58","guid":{"rendered":"http:\/\/www.mediahostsolutions.net\/lasalle\/?page_id=124"},"modified":"2018-11-04T06:23:54","modified_gmt":"2018-11-04T11:23:54","slug":"centre-lasallien-de-saint-michel","status":"publish","type":"page","link":"https:\/\/www.delasalle.qc.ca\/?page_id=124","title":{"rendered":"Centre lasallien Saint-Michel"},"content":{"rendered":"<p><img loading=\"lazy\" decoding=\"async\" class=\"alignnone size-full wp-image-2245\" src=\"https:\/\/www.delasalle.qc.ca\/wp-content\/uploads\/2016\/04\/logo-CLSM-avec-nom.jpg\" alt=\"\" width=\"500\" height=\"192\" srcset=\"https:\/\/www.delasalle.qc.ca\/wp-content\/uploads\/2016\/04\/logo-CLSM-avec-nom.jpg 500w, https:\/\/www.delasalle.qc.ca\/wp-content\/uploads\/2016\/04\/logo-CLSM-avec-nom-300x115.jpg 300w\" sizes=\"auto, (max-width: 500px) 100vw, 500px\" \/><\/p>\n<p>Le Centre lasallien Saint-Michel a ouvert ses portes \u00e0 l\u2019automne 2007. \u00a0Il est situ\u00e9 dans le quartier d\u00e9favoris\u00e9, multiethnique et plurireligieux du quartier Saint-Michel, \u00e0 Montr\u00e9al. \u00a0Le projet s\u2019appuie sur la tradition des Fr\u00e8res des \u00c9coles chr\u00e9tiennes d\u2019exercer des minist\u00e8res p\u00e9dagogiques et pastoraux dans tous les continents et dans tout environnement social et\/ou religieux. \u00a0Afin de r\u00e9pondre \u00e0 diff\u00e9rents besoins du quartier, identifi\u00e9s par les gens du milieu, des activit\u00e9s p\u00e9dagogiques ou pastorales sont offertes\u00a0\u00e0 ceux et celles qui fr\u00e9quentent le Centre.<\/p>\n<p>Les activit\u00e9s p\u00e9dagogiques du Centre se r\u00e9alisent dans trois domaines :<\/p>\n<ul>\n<li>Le soutien scolaire alternatif pour les d\u00e9crocheurs\/raccrocheurs du niveau secondaire.<\/li>\n<li>L\u2019aide aux devoirs pour les \u00e9l\u00e8ves du 3e cycle du primaire et pour tous les \u00e9l\u00e8ves du secondaire.<\/li>\n<li>\u00c0 la demande de la table de concertation du quartier, le Centre verra \u00e0 former de jeunes moniteurs pour les besoins d\u2019animation du quartier.<\/li>\n<\/ul>\n<p>Certains membres de l\u2019\u00e9quipe lasallienne du Centre participent aux activit\u00e9s cat\u00e9ch\u00e9tiques de la paroisse Saint-Michel.<\/p>\n<p>Le Centre lasallien Saint-Michel r\u00e9alise sa mission gr\u00e2ce \u00e0 une \u00e9quipe regroupant des fr\u00e8res et des la\u00efcs, associ\u00e9s ou collaborateurs.<\/p>\n<p>Visitez le site:\u00a0<a href=\"http:\/\/www.centrelasallien.org\">http:\/\/www.centrelasallien.org<\/a><\/p>\n<p>Voyez la vid\u00e9o: <a href=\"https:\/\/youtu.be\/EJc1leXl9fQ\">Le Centre lasallien Saint-Michel<\/a><\/p>\n\n<div class=\"youtube-embed\" itemprop=\"video\" itemscope itemtype=\"https:\/\/schema.org\/VideoObject\">\n\t<meta itemprop=\"url\" content=\"https:\/\/www.youtube.com\/v\/EJc1leXl9fQ\" \/>\n\t<meta itemprop=\"name\" content=\"Centre lasallien Saint-Michel\" \/>\n\t<meta itemprop=\"description\" content=\"Centre lasallien Saint-Michel\" \/>\n\t<meta itemprop=\"uploadDate\" content=\"2016-04-27T19:34:58-04:00\" \/>\n\t<meta itemprop=\"thumbnailUrl\" content=\"https:\/\/i.ytimg.com\/vi\/EJc1leXl9fQ\/default.jpg\" \/>\n\t<meta itemprop=\"embedUrl\" content=\"https:\/\/www.youtube.com\/embed\/EJc1leXl9fQ\" \/>\n\t<meta itemprop=\"height\" content=\"340\" \/>\n\t<meta itemprop=\"width\" content=\"560\" \/>\n\t<iframe loading=\"lazy\" style=\"border: 0;\" class=\"youtube-player\" width=\"560\" height=\"340\" src=\"https:\/\/www.youtube.com\/embed\/EJc1leXl9fQ\" allowfullscreen><\/iframe>\n<\/div>\n\n<p>&nbsp;<\/p>\n","protected":false},"excerpt":{"rendered":"<p>Le Centre lasallien Saint-Michel a ouvert ses portes \u00e0 l\u2019automne 2007. \u00a0Il est situ\u00e9 dans le quartier d\u00e9favoris\u00e9, multiethnique et plurireligieux du quartier Saint-Michel, \u00e0 Montr\u00e9al. \u00a0Le projet s\u2019appuie sur la tradition des Fr\u00e8res des \u00c9coles chr\u00e9tiennes d\u2019exercer des minist\u00e8res p\u00e9dagogiques et pastoraux dans tous les continents et dans tout environnement social et\/ou religieux. \u00a0Afin&hellip;<\/p>\n","protected":false},"author":1,"featured_media":0,"parent":0,"menu_order":0,"comment_status":"closed","ping_status":"closed","template":"","meta":{"_bbp_topic_count":0,"_bbp_reply_count":0,"_bbp_total_topic_count":0,"_bbp_total_reply_count":0,"_bbp_voice_count":0,"_bbp_anonymous_reply_count":0,"_bbp_topic_count_hidden":0,"_bbp_reply_count_hidden":0,"_bbp_forum_subforum_count":0,"footnotes":""},"class_list":["post-124","page","type-page","status-publish","hentry"],"_links":{"self":[{"href":"https:\/\/www.delasalle.qc.ca\/index.php?rest_route=\/wp\/v2\/pages\/124","targetHints":{"allow":["GET"]}}],"collection":[{"href":"https:\/\/www.delasalle.qc.ca\/index.php?rest_route=\/wp\/v2\/pages"}],"about":[{"href":"https:\/\/www.delasalle.qc.ca\/index.php?rest_route=\/wp\/v2\/types\/page"}],"author":[{"embeddable":true,"href":"https:\/\/www.delasalle.qc.ca\/index.php?rest_route=\/wp\/v2\/users\/1"}],"replies":[{"embeddable":true,"href":"https:\/\/www.delasalle.qc.ca\/index.php?rest_route=%2Fwp%2Fv2%2Fcomments&post=124"}],"version-history":[{"count":10,"href":"https:\/\/www.delasalle.qc.ca\/index.php?rest_route=\/wp\/v2\/pages\/124\/revisions"}],"predecessor-version":[{"id":4031,"href":"https:\/\/www.delasalle.qc.ca\/index.php?rest_route=\/wp\/v2\/pages\/124\/revisions\/4031"}],"wp:attachment":[{"href":"https:\/\/www.delasalle.qc.ca\/index.php?rest_route=%2Fwp%2Fv2%2Fmedia&parent=124"}],"curies":[{"name":"wp","href":"https:\/\/api.w.org\/{rel}","templated":true}]}}

<p><img loading="lazy" decoding="async" class="alignnone size-full wp-image-2245" src="https://www.delasalle.qc.ca/wp-content/uploads/2016/04/logo-CLSM-avec-nom.jpg" alt="" width="500" height="192" srcset="https://www.delasalle.qc.ca/wp-content/uploads/2016/04/logo-CLSM-avec-nom.jpg 500w, https://www.delasalle.qc.ca/wp-content/uploads/2016/04/logo-CLSM-avec-nom-300x115.jpg 300w" sizes="auto, (max-width: 500px) 100vw, 500px" /></p>
<p>Le Centre lasallien Saint-Michel a ouvert ses portes à l’automne 2007.  Il est situé dans le quartier défavorisé, multiethnique et plurireligieux du quartier Saint-Michel, à Montréal.  Le projet s’appuie sur la tradition des Frères des Écoles chrétiennes d’exercer des ministères pédagogiques et pastoraux dans tous les continents et dans tout environnement social et/ou religieux.  Afin de répondre à différents besoins du quartier, identifiés par les gens du milieu, des activités pédagogiques ou pastorales sont offertes à ceux et celles qui fréquentent le Centre.</p>
<p>Les activités pédagogiques du Centre se réalisent dans trois domaines :</p>
<ul>
<li>Le soutien scolaire alternatif pour les décrocheurs/raccrocheurs du niveau secondaire.</li>
<li>L’aide aux devoirs pour les élèves du 3e cycle du primaire et pour tous les élèves du secondaire.</li>
<li>À la demande de la table de concertation du quartier, le Centre verra à former de jeunes moniteurs pour les besoins d’animation du quartier.</li>
</ul>
<p>Certains membres de l’équipe lasallienne du Centre participent aux activités catéchétiques de la paroisse Saint-Michel.</p>
<p>Le Centre lasallien Saint-Michel réalise sa mission grâce à une équipe regroupant des frères et des laïcs, associés ou collaborateurs.</p>
<p>Visitez le site: <a href="http://www.centrelasallien.org">http://www.centrelasallien.org</a></p>
<p>Voyez la vidéo: <a href="https://youtu.be/EJc1leXl9fQ">Le Centre lasallien Saint-Michel</a></p>

<div class="youtube-embed" itemprop="video" itemscope itemtype="https://schema.org/VideoObject">
	<meta itemprop="url" content="https://www.youtube.com/v/EJc1leXl9fQ" />
	<meta itemprop="name" content="Centre lasallien Saint-Michel" />
	<meta itemprop="description" content="Centre lasallien Saint-Michel" />
	<meta itemprop="uploadDate" content="2016-04-27T19:34:58-04:00" />
	<meta itemprop="thumbnailUrl" content="https://i.ytimg.com/vi/EJc1leXl9fQ/default.jpg" />
	<meta itemprop="embedUrl" content="https://www.youtube.com/embed/EJc1leXl9fQ" />
	<meta itemprop="height" content="340" />
	<meta itemprop="width" content="560" />
	<iframe loading="lazy" style="border: 0;" class="youtube-player" width="560" height="340" src="https://www.youtube.com/embed/EJc1leXl9fQ" allowfullscreen></iframe>
</div>

<p>&nbsp;</p>

<p>Le Centre lasallien Saint-Michel a ouvert ses portes à l’automne 2007.  Il est situé dans le quartier défavorisé, multiethnique et plurireligieux du quartier Saint-Michel, à Montréal.  Le projet s’appuie sur la tradition des Frères des Écoles chrétiennes d’exercer des ministères pédagogiques et pastoraux dans tous les continents et dans tout environnement social et/ou religieux.  Afin&hellip;</p>
