{"id":14,"date":"2016-02-03T03:43:39","date_gmt":"2016-02-03T02:43:39","guid":{"rendered":"http:\/\/www.mediahostsolutions.net\/lasalle\/?page_id=14"},"modified":"2016-02-03T03:43:39","modified_gmt":"2016-02-03T02:43:39","slug":"a-propos-de-nous","status":"publish","type":"page","link":"https:\/\/www.delasalle.qc.ca\/?page_id=14","title":{"rendered":"\u00c0 propos de nous"},"content":{"rendered":"<p>Nous sommes des religieux Fr\u00e8res, membres d&rsquo;un Institut de vie consacr\u00e9e vou\u00e9 \u00e0 l&rsquo;\u00e9ducation humaine et chr\u00e9tienne des jeunes, sp\u00e9cialement des pauvres.<\/p>\n<p>Fond\u00e9 par saint Jean-Baptiste de La Salle \u00e0 Reims, en France, vers 1680, l&rsquo;Institut des Fr\u00e8res des \u00c9coles chr\u00e9tiennes s&rsquo;est d&rsquo;abord d\u00e9velopp\u00e9 en France, puis a atteint aux 19e et 20e si\u00e8cles de nombreuses r\u00e9gions du globe. \u00a0Il s&rsquo;est implant\u00e9 au Canada en 1837.<\/p>\n<p>Les Fr\u00e8res des \u00c9coles chr\u00e9tiennes sont aujourd\u2019hui\u00a04\u00a0110 dans le monde et leurs institutions son r\u00e9parties en\u00a076\u00a0pays, sur les cinq continents.\u00a0 Sur ce nombre,\u00a01\u00a0786 travaillent dans le domaine scolaire dans une mission qu\u2019ils partagent avec\u00a091 191 coll\u00e8gues la\u00efques et\u00a0452\u00a0religieux et religieuses d\u2019autres congr\u00e9gations et pr\u00eatres.\u00a0 (Statistiques au 31\u00a0d\u00e9cembre 2014).<\/p>\n<p><strong>Un brin d&rsquo;histoire<\/strong><\/p>\n<p>Quatre Fr\u00e8res fran\u00e7ais d\u00e9barquent \u00e0 Montr\u00e9al, en 1837, pour r\u00e9pondre \u00e0 une demande pressante de Mgr Lartigue qui croit en l\u2019importance de l\u2019\u00e9ducation et est conscient des grands besoins du Qu\u00e9bec en ce domaine.  Dans les ann\u00e9es qui suivent, le nombre de Fr\u00e8res augmente rapidement gr\u00e2ce \u00e0 une nombreuse rel\u00e8ve locale.  Puis, en 1904, pr\u00e8s de 200 Fr\u00e8res fran\u00e7ais, exil\u00e9s \u00e0 cause des lois sur la la\u00efcit\u00e9 en France, viennent donner un nouvel essor \u00e0 la communaut\u00e9. Les Fr\u00e8res atteignent le nombre de 1 300 membres au Canada (Qu\u00e9bec et Ontario) dans les ann\u00e9es 1960.<\/p>\n<p>\u00c9tablis d\u2019abord \u00e0 Montr\u00e9al, les Fr\u00e8res s\u2019installent \u00e0 Qu\u00e9bec en 1843, \u00e0 Trois-Rivi\u00e8res une ann\u00e9e plus tard et \u00e0 Ottawa en 1864.  L\u2019Institut prend son envol \u00e0 New York en 1848 sur l\u2019initiative des Fr\u00e8res fondateurs au Qu\u00e9bec.<\/p>\n<p>Suivant les traces de leur Fondateur qui a toujours privil\u00e9gi\u00e9 l\u2019\u00e9ducation pour tous, les Fr\u00e8res s\u2019occupent des classes primaires pour les gar\u00e7ons, dans les \u00e9coles de paroisse. Au cours du 20e si\u00e8cle, ils s\u2019occupent aussi des classes de niveau secondaire et un certain nombre d\u2019entre eux jouent un r\u00f4le important au niveau universitaire.  \u00c0 chaque \u00e9poque, ils prennent les initiatives n\u00e9cessaires pour r\u00e9pondre aux besoins des jeunes.<\/p>\n","protected":false},"excerpt":{"rendered":"<p>Nous sommes des religieux Fr\u00e8res, membres d&rsquo;un Institut de vie consacr\u00e9e vou\u00e9 \u00e0 l&rsquo;\u00e9ducation humaine et chr\u00e9tienne des jeunes, sp\u00e9cialement des pauvres. Fond\u00e9 par saint Jean-Baptiste de La Salle \u00e0 Reims, en France, vers 1680, l&rsquo;Institut des Fr\u00e8res des \u00c9coles chr\u00e9tiennes s&rsquo;est d&rsquo;abord d\u00e9velopp\u00e9 en France, puis a atteint aux 19e et 20e si\u00e8cles de&hellip;<\/p>\n","protected":false},"author":1,"featured_media":0,"parent":0,"menu_order":0,"comment_status":"closed","ping_status":"closed","template":"","meta":{"_bbp_topic_count":0,"_bbp_reply_count":0,"_bbp_total_topic_count":0,"_bbp_total_reply_count":0,"_bbp_voice_count":0,"_bbp_anonymous_reply_count":0,"_bbp_topic_count_hidden":0,"_bbp_reply_count_hidden":0,"_bbp_forum_subforum_count":0,"footnotes":""},"class_list":["post-14","page","type-page","status-publish","hentry"],"_links":{"self":[{"href":"https:\/\/www.delasalle.qc.ca\/index.php?rest_route=\/wp\/v2\/pages\/14","targetHints":{"allow":["GET"]}}],"collection":[{"href":"https:\/\/www.delasalle.qc.ca\/index.php?rest_route=\/wp\/v2\/pages"}],"about":[{"href":"https:\/\/www.delasalle.qc.ca\/index.php?rest_route=\/wp\/v2\/types\/page"}],"author":[{"embeddable":true,"href":"https:\/\/www.delasalle.qc.ca\/index.php?rest_route=\/wp\/v2\/users\/1"}],"replies":[{"embeddable":true,"href":"https:\/\/www.delasalle.qc.ca\/index.php?rest_route=%2Fwp%2Fv2%2Fcomments&post=14"}],"version-history":[{"count":0,"href":"https:\/\/www.delasalle.qc.ca\/index.php?rest_route=\/wp\/v2\/pages\/14\/revisions"}],"wp:attachment":[{"href":"https:\/\/www.delasalle.qc.ca\/index.php?rest_route=%2Fwp%2Fv2%2Fmedia&parent=14"}],"curies":[{"name":"wp","href":"https:\/\/api.w.org\/{rel}","templated":true}]}}