{"id":141,"date":"2016-04-28T19:42:04","date_gmt":"2016-04-28T18:42:04","guid":{"rendered":"http:\/\/www.mediahostsolutions.net\/lasalle\/?page_id=141"},"modified":"2016-06-25T11:01:14","modified_gmt":"2016-06-25T15:01:14","slug":"bibliotheque-de-spiritualite","status":"publish","type":"page","link":"https:\/\/www.delasalle.qc.ca\/?page_id=141","title":{"rendered":"Biblioth\u00e8que de spiritualit\u00e9"},"content":{"rendered":"<p>Au coin des rues Cook et St-Stanislas, au centre du Vieux-Qu\u00e9bec, une biblioth\u00e8que est \u00e0 la disposition du public. On peut y emprunter gratuitement des volumes de th\u00e9ologie, de spiritualit\u00e9 et de pastorale biblique ou liturgique. Des revues peuvent \u00eatre consult\u00e9es sur place.<\/p>\n<p>&nbsp;<\/p>\n<p>Biblioth\u00e8que de spiritualit\u00e9<br \/>\n10, rue Cook<br \/>\nC.P. 846\u00a0Haute-ville<br \/>\nQu\u00e9bec, QC<br \/>\nG1R 4S7<\/p>\n<p><strong>T\u00e9l\u00e9phone:<\/strong><br \/>\n(418) 694-9881<\/p>\n","protected":false},"excerpt":{"rendered":"<p>Au coin des rues Cook et St-Stanislas, au centre du Vieux-Qu\u00e9bec, une biblioth\u00e8que est \u00e0 la disposition du public. On peut y emprunter gratuitement des volumes de th\u00e9ologie, de spiritualit\u00e9 et de pastorale biblique ou liturgique. Des revues peuvent \u00eatre consult\u00e9es sur place. &nbsp; Biblioth\u00e8que de spiritualit\u00e9 10, rue Cook C.P. 846\u00a0Haute-ville Qu\u00e9bec, QC G1R&hellip;<\/p>\n","protected":false},"author":1,"featured_media":0,"parent":0,"menu_order":0,"comment_status":"closed","ping_status":"closed","template":"","meta":{"_bbp_topic_count":0,"_bbp_reply_count":0,"_bbp_total_topic_count":0,"_bbp_total_reply_count":0,"_bbp_voice_count":0,"_bbp_anonymous_reply_count":0,"_bbp_topic_count_hidden":0,"_bbp_reply_count_hidden":0,"_bbp_forum_subforum_count":0,"footnotes":""},"class_list":["post-141","page","type-page","status-publish","hentry"],"_links":{"self":[{"href":"https:\/\/www.delasalle.qc.ca\/index.php?rest_route=\/wp\/v2\/pages\/141","targetHints":{"allow":["GET"]}}],"collection":[{"href":"https:\/\/www.delasalle.qc.ca\/index.php?rest_route=\/wp\/v2\/pages"}],"about":[{"href":"https:\/\/www.delasalle.qc.ca\/index.php?rest_route=\/wp\/v2\/types\/page"}],"author":[{"embeddable":true,"href":"https:\/\/www.delasalle.qc.ca\/index.php?rest_route=\/wp\/v2\/users\/1"}],"replies":[{"embeddable":true,"href":"https:\/\/www.delasalle.qc.ca\/index.php?rest_route=%2Fwp%2Fv2%2Fcomments&post=141"}],"version-history":[{"count":3,"href":"https:\/\/www.delasalle.qc.ca\/index.php?rest_route=\/wp\/v2\/pages\/141\/revisions"}],"predecessor-version":[{"id":538,"href":"https:\/\/www.delasalle.qc.ca\/index.php?rest_route=\/wp\/v2\/pages\/141\/revisions\/538"}],"wp:attachment":[{"href":"https:\/\/www.delasalle.qc.ca\/index.php?rest_route=%2Fwp%2Fv2%2Fmedia&parent=141"}],"curies":[{"name":"wp","href":"https:\/\/api.w.org\/{rel}","templated":true}]}}