{"id":149,"date":"2016-04-28T20:12:13","date_gmt":"2016-04-28T19:12:13","guid":{"rendered":"http:\/\/www.mediahostsolutions.net\/lasalle\/?page_id=149"},"modified":"2017-04-26T11:25:50","modified_gmt":"2017-04-26T15:25:50","slug":"cause-adolphe-chatillon","status":"publish","type":"page","link":"https:\/\/www.delasalle.qc.ca\/?page_id=149","title":{"rendered":"Site Adolphe Chatillon"},"content":{"rendered":"<blockquote>\n<p class=\"just\"><img loading=\"lazy\" decoding=\"async\" class=\"size-full wp-image-1536 alignleft\" src=\"https:\/\/www.delasalle.qc.ca\/wp-content\/uploads\/2017\/04\/theo-leo-couleur.jpg\" alt=\"\" width=\"305\" height=\"449\" srcset=\"https:\/\/www.delasalle.qc.ca\/wp-content\/uploads\/2017\/04\/theo-leo-couleur.jpg 305w, https:\/\/www.delasalle.qc.ca\/wp-content\/uploads\/2017\/04\/theo-leo-couleur-204x300.jpg 204w\" sizes=\"auto, (max-width: 305px) 100vw, 305px\" \/><\/p>\n<p class=\"just\">Adolphe Chatillon est n\u00e9 \u00e0 Nicolet, au Qu\u00e9bec, le 31 octobre 1871. Il a grandi aupr\u00e8s de parents chr\u00e9tiens convaincus : Octave Hardy-Chatillon et Alma Alexandre. Devenu orphelin \u00e0 neuf ans, Adolphe fut mis en pension \u00e0 Baie-du-Febvre puis \u00e0 Yamachiche. \u00c0 13 ans, en f\u00e9vrier 1884, il se pr\u00e9senta au Petit-Noviciat de Montr\u00e9al pour y devenir fr\u00e8re. Le 26 juillet 1887, il entreprit son noviciat sous le nom de fr\u00e8re Th\u00e9ophanius-L\u00e9o. Il devint un professeur respect\u00e9 et appr\u00e9ci\u00e9, notamment en raison de ses efforts \u00e0 rendre son enseignement le plus vivant possible. Atteint d&rsquo;un cancer des intestins dans les derniers temps de sa vie, il s\u2019\u00e9teignit paisiblement entour\u00e9 des siens, le dimanche 28 avril 1929.<\/p>\n<p class=\"just\"><span lang=\"FR-CA\">Fr\u00e8re Th\u00e9ophanius-L\u00e9o a vou\u00e9 plus de la moiti\u00e9 de sa vie \u00e0 la jeunesse. En tant que Fr\u00e8re des \u00c9coles chr\u00e9tiennes, il a enseign\u00e9 \u00e0 Montr\u00e9al, \u00e0 Qu\u00e9bec et aux \u00c9tats-Unis. Sa simplicit\u00e9 et son affabilit\u00e9 lui gagnaient tous les c\u0153urs. La bont\u00e9 semble avoir \u00e9t\u00e9 l&rsquo;inclination de son grand c\u0153ur. Tous, jeunes ou non, peuvent esp\u00e9rer \u00eatre les heureux b\u00e9n\u00e9ficiaires de son intercession\u00a0aupr\u00e8s de Dieu.<br \/>\n<\/span><\/p>\n<p class=\"just\">Fr\u00e8re Adolphe Chatillon est l\u2019un des 35 candidats \u00e0 la canonisation que le Pape Benoit XVI a promulgu\u00e9s le 2 avril 2011. Le d\u00e9cret reconnaissant une personne \u00ab\u00a0v\u00e9n\u00e9rable\u00a0\u00bb signifie qu\u2019elle est consid\u00e9r\u00e9e digne d\u2019une v\u00e9n\u00e9ration locale et constitue un premier pas vers la canonisation. L\u2019enqu\u00eate se poursuivant, la personne peut ensuite passer \u00e0 l\u2019\u00e9tape de la b\u00e9atification et faire l\u2019objet d\u2019une d\u00e9votion plus g\u00e9n\u00e9rale. Sa pr\u00e9sentation comme mod\u00e8le universel pour l\u2019\u00c9glise intervient en troisi\u00e8me lieu, \u00e0 l\u2019issue d\u2019un proc\u00e8s en canonisation, ce qui en fera un saint.<\/p>\n<\/blockquote>\n<h3><\/h3>\n<h3>Tel un phare, le v\u00e9n\u00e9rable fr\u00e8re Adolphe Chatillon a exerc\u00e9 au cours de sa vie un rayonnement qui a pris plusieurs formes. Pour en saisir toute la port\u00e9e, veuillez consulter les th\u00e8mes suivants en cliquant directement dessus:<\/h3>\n<h3>Le <a href=\"https:\/\/www.delasalle.qc.ca\/?page_id=1360\">rayonnement de sa joie<\/a>, son <a href=\"https:\/\/www.delasalle.qc.ca\/?page_id=1369 Modifier les permaliens\">rayonnement comme \u00e9ducateur<\/a>, son <a href=\"https:\/\/www.delasalle.qc.ca\/?page_id=1380\">rayonnement comme guide et formateur<\/a>, son<a href=\"https:\/\/www.delasalle.qc.ca\/?page_id=1414\"> rayonnement de priant<\/a>, son <a href=\"https:\/\/www.delasalle.qc.ca\/?page_id=1391\">rayonnement comme gu\u00e9risseur<\/a> et le <a href=\"https:\/\/www.delasalle.qc.ca\/?page_id=1407\">rayonnement de ses \u00e9crits<\/a>.<\/h3>\n<p>&nbsp;<\/p>\n<h3>Pour prendre part au blogue de Fr\u00e8re Gilles Beaudet: <a href=\"http:\/\/adolphe.eklablog.com\/\">Blogue Adophe Chatillon<\/a><\/h3>\n<h3>Pour communiquer avec nous par voie \u00e9lectronique: \u00a0<a href=\"mailto:adolphechatillon@delasalle.qc.ca\">adolphechatillon@delasalle.qc.ca<\/a><\/h3>\n<h3>Pour communiquer avec nous ou faire un don \u00e0 la cause:<\/h3>\n<h3>300, Chemin du Bord-de-l&rsquo;Eau, Laval (Qu\u00e9bec), H7X 1S9 \u00a0 \u00a0 T\u00e9l\u00e9phone: 450 689-4151<\/h3>\n<h3>Bulletin p\u00e9riodique du V\u00e9n\u00e9rable Fr\u00e8re Adolphe Chatillon :<\/h3>\n<ul>\n<li><a href=\"https:\/\/www.delasalle.qc.ca\/wp-content\/uploads\/2016\/04\/S\u00e9rie-21-No-1-janv.-avril-2017.pdf\">S\u00e9rie 21 No 1 &#8211; janv.-avril 2017<\/a><\/li>\n<li><a href=\"https:\/\/www.delasalle.qc.ca\/wp-content\/uploads\/2016\/04\/Bulletin-Adolphe-Chatillon-20-no-3-d\u00e9c.-2016.pdf\">S\u00e9rie 20 -no-3 &#8211; d\u00e9cembre-2016<\/a><\/li>\n<li><a href=\"https:\/\/www.delasalle.qc.ca\/wp-content\/uploads\/2016\/04\/AC-S\u00e9rie-20-No-2-juil.-sept.-2016.pdf\">S\u00e9rie 20 No 2 &#8211; juillet-septembre 2016<\/a><\/li>\n<li><a href=\"https:\/\/www.delasalle.qc.ca\/wp-content\/uploads\/2017\/04\/S\u00e9rie-19-No-4-oct.-d\u00e9c.-2015.pdf\">S\u00e9rie 19 No 4 &#8211; oct.-d\u00e9c. 2015<\/a><\/li>\n<li><a href=\"https:\/\/www.delasalle.qc.ca\/wp-content\/uploads\/2017\/04\/S\u00e9rie-19-No-3-juil.-sept.-2015.pdf\">S\u00e9rie 19 No 3 &#8211; juil.-sept. 2015<\/a><\/li>\n<li><a href=\"https:\/\/www.delasalle.qc.ca\/wp-content\/uploads\/2017\/04\/S\u00e9rie-19-No-1-jan.-f\u00e9v.-mars-2015.pdf\">S\u00e9rie 19 No 1 &#8211; jan.-f\u00e9v.-mars 2015<\/a><\/li>\n<li><a href=\"https:\/\/www.delasalle.qc.ca\/wp-content\/uploads\/2017\/04\/S\u00e9rie-19-No-2-avril-juin-2015.pdf\">S\u00e9rie 19 No 2 &#8211; avril &#8211; juin 2015<\/a><\/li>\n<li><a href=\"https:\/\/www.delasalle.qc.ca\/wp-content\/uploads\/2017\/04\/S\u00e9rie-18-No-1-janv.-mars-2014.pdf\">S\u00e9rie 18 No 1 &#8211; janv.-mars 2014<\/a><\/li>\n<li><a href=\"https:\/\/www.delasalle.qc.ca\/wp-content\/uploads\/2017\/04\/S\u00e9rie-17-No-1-janv.-mars-2013.pdf\">S\u00e9rie 17 No 1 &#8211; janv.-mars 2013<\/a><\/li>\n<li><a href=\"https:\/\/www.delasalle.qc.ca\/wp-content\/uploads\/2017\/04\/S\u00e9rie-17-No-2-avril-juin-2013.pdf\">S\u00e9rie 17 No 2 &#8211; avril-juin 2013<\/a><\/li>\n<li><a href=\"https:\/\/www.delasalle.qc.ca\/wp-content\/uploads\/2017\/04\/S\u00e9rie-17-No-4-oct.-d\u00e9c.-2013.pdf\">S\u00e9rie 17 No 4 &#8211; oct.-d\u00e9c. 2013<\/a><\/li>\n<li><a href=\"https:\/\/www.delasalle.qc.ca\/wp-content\/uploads\/2017\/04\/S\u00e9rie-16-No-1-janv.-mars-2012-4-1.pdf\">S\u00e9rie 16 No 1 &#8211; janv.-mars 2012 4-1<\/a><\/li>\n<li><a href=\"https:\/\/www.delasalle.qc.ca\/wp-content\/uploads\/2017\/04\/S\u00e9rie-16-No-2-avril-juin-2012.pdf\">S\u00e9rie 16 No 2 &#8211; avril-juin 2012<\/a><\/li>\n<li><a href=\"https:\/\/www.delasalle.qc.ca\/wp-content\/uploads\/2017\/04\/S\u00e9rie-16-No-3-juil.-sept-2012.pdf\">S\u00e9rie 16 No 3 &#8211; juil.-sept 2012<\/a><\/li>\n<li><a href=\"https:\/\/www.delasalle.qc.ca\/wp-content\/uploads\/2017\/04\/S\u00e9rie-16-No-4-sept.-d\u00e9c.-2012.pdf\">S\u00e9rie 16 No 4 &#8211; sept.-d\u00e9c. 2012<\/a><\/li>\n<li><a href=\"https:\/\/www.delasalle.qc.ca\/wp-content\/uploads\/2017\/04\/S\u00e9rie-15-No-1-janv.-mars-2011.pdf\">S\u00e9rie 15 No 1 &#8211; janv.-mars 2011<\/a><\/li>\n<li><a href=\"https:\/\/www.delasalle.qc.ca\/wp-content\/uploads\/2017\/04\/S\u00e9rie-15-No-3-juil.-sept.-2011.pdf\">S\u00e9rie 15 No 3 &#8211; juil.-sept. 2011<\/a><\/li>\n<li><a href=\"https:\/\/www.delasalle.qc.ca\/wp-content\/uploads\/2017\/04\/S\u00e9rie-15-No-4-oct.-d\u00e9c.-2011.pdf\">S\u00e9rie 15 No 4 &#8211; oct.-d\u00e9c. 2011<\/a><\/li>\n<li><a href=\"https:\/\/www.delasalle.qc.ca\/wp-content\/uploads\/2017\/04\/S\u00e9rie-14-No-4-oct.-d\u00e9c.-2010.pdf\">S\u00e9rie 14 No 4 &#8211; oct.-d\u00e9c. 2010<\/a><\/li>\n<\/ul>\n","protected":false},"excerpt":{"rendered":"<p>Adolphe Chatillon est n\u00e9 \u00e0 Nicolet, au Qu\u00e9bec, le 31 octobre 1871. Il a grandi aupr\u00e8s de parents chr\u00e9tiens convaincus : Octave Hardy-Chatillon et Alma Alexandre. Devenu orphelin \u00e0 neuf ans, Adolphe fut mis en pension \u00e0 Baie-du-Febvre puis \u00e0 Yamachiche. \u00c0 13 ans, en f\u00e9vrier 1884, il se pr\u00e9senta au Petit-Noviciat de Montr\u00e9al pour&hellip;<\/p>\n","protected":false},"author":1,"featured_media":0,"parent":0,"menu_order":0,"comment_status":"closed","ping_status":"closed","template":"","meta":{"_bbp_topic_count":0,"_bbp_reply_count":0,"_bbp_total_topic_count":0,"_bbp_total_reply_count":0,"_bbp_voice_count":0,"_bbp_anonymous_reply_count":0,"_bbp_topic_count_hidden":0,"_bbp_reply_count_hidden":0,"_bbp_forum_subforum_count":0,"footnotes":""},"class_list":["post-149","page","type-page","status-publish","hentry"],"_links":{"self":[{"href":"https:\/\/www.delasalle.qc.ca\/index.php?rest_route=\/wp\/v2\/pages\/149","targetHints":{"allow":["GET"]}}],"collection":[{"href":"https:\/\/www.delasalle.qc.ca\/index.php?rest_route=\/wp\/v2\/pages"}],"about":[{"href":"https:\/\/www.delasalle.qc.ca\/index.php?rest_route=\/wp\/v2\/types\/page"}],"author":[{"embeddable":true,"href":"https:\/\/www.delasalle.qc.ca\/index.php?rest_route=\/wp\/v2\/users\/1"}],"replies":[{"embeddable":true,"href":"https:\/\/www.delasalle.qc.ca\/index.php?rest_route=%2Fwp%2Fv2%2Fcomments&post=149"}],"version-history":[{"count":32,"href":"https:\/\/www.delasalle.qc.ca\/index.php?rest_route=\/wp\/v2\/pages\/149\/revisions"}],"predecessor-version":[{"id":1589,"href":"https:\/\/www.delasalle.qc.ca\/index.php?rest_route=\/wp\/v2\/pages\/149\/revisions\/1589"}],"wp:attachment":[{"href":"https:\/\/www.delasalle.qc.ca\/index.php?rest_route=%2Fwp%2Fv2%2Fmedia&parent=149"}],"curies":[{"name":"wp","href":"https:\/\/api.w.org\/{rel}","templated":true}]}}