{"id":205,"date":"2016-05-02T04:47:00","date_gmt":"2016-05-02T03:47:00","guid":{"rendered":"http:\/\/www.mediahostsolutions.net\/lasalle\/?page_id=198"},"modified":"2019-01-14T08:20:31","modified_gmt":"2019-01-14T13:20:31","slug":"les-manuels-scolaires","status":"publish","type":"page","link":"https:\/\/www.delasalle.qc.ca\/?page_id=205","title":{"rendered":"Les manuels scolaires"},"content":{"rendered":"<p>Les\u00a0Fr\u00e8res des \u00c9coles chr\u00e9tiennes, dans le cadre de leur mission \u00e9ducative aupr\u00e8s des jeunes, ont publi\u00e9 des milliers de manuels scolaires, que ce soit au Qu\u00e9bec ou ailleurs dans le monde. Le fr\u00e8re Paul Aubin a mis en ligne deux sites o\u00f9 on peut consulter cette masse documentaire.<\/p>\n<p>Dans un premier, il \u00e9tudie le manuel scolaire produit au Qu\u00e9bec depuis le tout premier publi\u00e9 \u00e0 Qu\u00e9bec, en 1765, le\u00a0<em>Cat\u00e9chisme du dioc\u00e8se de Sens<\/em>. Ce premier site est con\u00e7u comme un centre de documentation virtuelle offert \u00e0 tous ceux que l\u2019histoire de l\u2019\u00e9ducation et l\u2019histoire de l\u2019imprim\u00e9 au Qu\u00e9bec int\u00e9ressent. On y trouve, entre autres rubriques, un catalogue, toujours en voie de r\u00e9alisation, et qui recense, \u00e0 ce jour, <strong>45 027<\/strong> \u00a0 \u00a0manuels publi\u00e9s au Qu\u00e9bec. Pour isoler la production de notre communaut\u00e9 dans cette masse documentaire, on entrera la variable \u00abfec\u00bb dans le champ \u00ab\u00e9diteur\u00bb.<br \/>\n<a href=\"http:\/\/www.bibl.ulaval.ca\/ress\/manscol\/\" target=\"_blank\" rel=\"noopener noreferrer\">Manuels scolaires<\/a><\/p>\n<p>Paul Aubin\u00a0a \u00e9galement commenc\u00e9 la compilation des manuels publi\u00e9s par notre communaut\u00e9 partout dans le monde. Les<strong>\u00a023 865<\/strong> titres qu\u2019on y signale\u00a0donnent une id\u00e9e du r\u00f4le qu&rsquo;a jou\u00e9 notre communaut\u00e9 dans la production d&rsquo;outils p\u00e9dagogiques. On pourra comparer la production des Fr\u00e8res des \u00c9coles chr\u00e9tiennes au Canada \u00e0 celle d\u2019ailleurs en entrant le nom des pays concern\u00e9s dans le champ \u00abpays\u00bb.<br \/>\n<a href=\"http:\/\/www.bibl.ulaval.ca\/ress\/manscol\/diaspora\" target=\"_blank\" rel=\"noopener noreferrer\">Diaspora<\/a><\/p>\n<p>Vous pouvez lire les documents suivants :<\/p>\n<p><a href=\"http:\/\/revista_roma.delasalle.edu.mx\/numero_6\/paul_aubin_fr_6.pdf\">Les Fr\u00e8res des \u00e9coles chr\u00e9tiennes du Qu\u00e9bec: 300 ans de production et de consommation du manuel scolaire<\/a><\/p>\n<p><a href=\"http:\/\/histoire-education.revues.org\/1232?lang=en\">La p\u00e9n\u00e9tration des manuels scolaires de France au Qu\u00e9bec &#8211; Un cas type: Les Fr\u00e8res des \u00e9coles chr\u00e9tiennes,\u00a0XIXe &#8211; XXe si\u00e8cles<\/a><\/p>\n<p><a href=\"http:\/\/revista_roma.delasalle.edu.mx\/numero_11\/paul_aubin_11.pdf\">La formation \u00e0 l\u2019enseignement chez les Fr\u00e8res des \u00e9coles chr\u00e9tiennes du Qu\u00e9bec, 1837-1980<\/a><\/p>\n","protected":false},"excerpt":{"rendered":"<p>Les\u00a0Fr\u00e8res des \u00c9coles chr\u00e9tiennes, dans le cadre de leur mission \u00e9ducative aupr\u00e8s des jeunes, ont publi\u00e9 des milliers de manuels scolaires, que ce soit au Qu\u00e9bec ou ailleurs dans le monde. Le fr\u00e8re Paul Aubin a mis en ligne deux sites o\u00f9 on peut consulter cette masse documentaire. Dans un premier, il \u00e9tudie le manuel&hellip;<\/p>\n","protected":false},"author":1,"featured_media":0,"parent":0,"menu_order":0,"comment_status":"closed","ping_status":"closed","template":"","meta":{"_bbp_topic_count":0,"_bbp_reply_count":0,"_bbp_total_topic_count":0,"_bbp_total_reply_count":0,"_bbp_voice_count":0,"_bbp_anonymous_reply_count":0,"_bbp_topic_count_hidden":0,"_bbp_reply_count_hidden":0,"_bbp_forum_subforum_count":0,"footnotes":""},"class_list":["post-205","page","type-page","status-publish","hentry"],"_links":{"self":[{"href":"https:\/\/www.delasalle.qc.ca\/index.php?rest_route=\/wp\/v2\/pages\/205","targetHints":{"allow":["GET"]}}],"collection":[{"href":"https:\/\/www.delasalle.qc.ca\/index.php?rest_route=\/wp\/v2\/pages"}],"about":[{"href":"https:\/\/www.delasalle.qc.ca\/index.php?rest_route=\/wp\/v2\/types\/page"}],"author":[{"embeddable":true,"href":"https:\/\/www.delasalle.qc.ca\/index.php?rest_route=\/wp\/v2\/users\/1"}],"replies":[{"embeddable":true,"href":"https:\/\/www.delasalle.qc.ca\/index.php?rest_route=%2Fwp%2Fv2%2Fcomments&post=205"}],"version-history":[{"count":19,"href":"https:\/\/www.delasalle.qc.ca\/index.php?rest_route=\/wp\/v2\/pages\/205\/revisions"}],"predecessor-version":[{"id":4161,"href":"https:\/\/www.delasalle.qc.ca\/index.php?rest_route=\/wp\/v2\/pages\/205\/revisions\/4161"}],"wp:attachment":[{"href":"https:\/\/www.delasalle.qc.ca\/index.php?rest_route=%2Fwp%2Fv2%2Fmedia&parent=205"}],"curies":[{"name":"wp","href":"https:\/\/api.w.org\/{rel}","templated":true}]}}