{"id":209,"date":"2016-05-02T05:07:42","date_gmt":"2016-05-02T04:07:42","guid":{"rendered":"http:\/\/www.mediahostsolutions.net\/lasalle\/?page_id=209"},"modified":"2017-03-24T06:43:53","modified_gmt":"2017-03-24T10:43:53","slug":"monde-lasallien","status":"publish","type":"page","link":"https:\/\/www.delasalle.qc.ca\/?page_id=209","title":{"rendered":"Monde lasallien"},"content":{"rendered":"<p><a href=\"http:\/\/www.lasalle.org\/fr\/\">Site international de l\u2019Institut des Fr\u00e8res des \u00c9coles chr\u00e9tiennes (Rome)<\/a><\/p>\n<p><a href=\"http:\/\/www.milleprojets.org\/\">Site des projets des organismes lasalliens du Qu\u00e9bec<\/a><\/p>\n<p><a href=\"http:\/\/www.lasallian.info\/\">Site de la R\u00e9gion lasallienne de l&rsquo;Am\u00e9rique du Nord (RELAN)<\/a><\/p>\n<p><a href=\"http:\/\/www.relal.org.co\/\">Site des Fr\u00e8res d\u2019Am\u00e9rique latine (RELAL)<\/a><\/p>\n<p><a href=\"http:\/\/www.lasalle-relem.org\/\">Site des Fr\u00e8res de la r\u00e9gion lasallienne Europe M\u00e9diterran\u00e9e (RELEM)<\/a><\/p>\n<p><a href=\"http:\/\/www.relaf.info\/\">Site des fr\u00e8res de la r\u00e9gion lasallienne d\u2019Africano-Malgache (RELAF)<\/a><\/p>\n<p><a href=\"http:\/\/www.lasalle-parc.org\/\">Site de la r\u00e9gion PARC (Pacific-Asia Regional Conference), Asie et Oc\u00e9anie<\/a><\/p>\n<p><a href=\"http:\/\/www.delasalle.org.au\/\">Site du district d\u2019Australie-Nouvelle-Z\u00e9lande-Pakistan-Papouasie-Nouvelle Guin\u00e9e<\/a><\/p>\n<p><a href=\"http:\/\/www.lasalleitalia.net\/\">Site des Fr\u00e8res d\u2019Italie<\/a><\/p>\n<p><a href=\"http:\/\/www.lasallefrance.fr\/\">Site des Fr\u00e8res de France<\/a><\/p>\n<p><a href=\"http:\/\/www.archives-lasalliennes.org\/\">Site des archives lasalliennes<\/a><a href=\"http:\/\/www.archives-lasalliennes.org\/\">\u00a0de France<\/a><\/p>\n<p><a href=\"http:\/\/www.lasalle.es\/\">Site des Fr\u00e8res d\u2019Espagne et du Portugal<\/a><\/p>\n<p><a href=\"http:\/\/www.delasalle.org.uk\/\">Site des Fr\u00e8res de Grande-Bretagne<\/a><\/p>\n<p><a href=\"http:\/\/www.lasalle-po.org\/\">Site des Fr\u00e8res du Proche-Orient<\/a><\/p>\n<p><a href=\"http:\/\/www.lasalle.org.au\/\">Site des Fr\u00e8res d\u2019Australie<\/a><\/p>\n","protected":false},"excerpt":{"rendered":"<p>Site international de l\u2019Institut des Fr\u00e8res des \u00c9coles chr\u00e9tiennes (Rome) Site des projets des organismes lasalliens du Qu\u00e9bec Site de la R\u00e9gion lasallienne de l&rsquo;Am\u00e9rique du Nord (RELAN) Site des Fr\u00e8res d\u2019Am\u00e9rique latine (RELAL) Site des Fr\u00e8res de la r\u00e9gion lasallienne Europe M\u00e9diterran\u00e9e (RELEM) Site des fr\u00e8res de la r\u00e9gion lasallienne d\u2019Africano-Malgache (RELAF) Site de&hellip;<\/p>\n","protected":false},"author":1,"featured_media":0,"parent":0,"menu_order":0,"comment_status":"closed","ping_status":"closed","template":"","meta":{"_bbp_topic_count":0,"_bbp_reply_count":0,"_bbp_total_topic_count":0,"_bbp_total_reply_count":0,"_bbp_voice_count":0,"_bbp_anonymous_reply_count":0,"_bbp_topic_count_hidden":0,"_bbp_reply_count_hidden":0,"_bbp_forum_subforum_count":0,"footnotes":""},"class_list":["post-209","page","type-page","status-publish","hentry"],"_links":{"self":[{"href":"https:\/\/www.delasalle.qc.ca\/index.php?rest_route=\/wp\/v2\/pages\/209","targetHints":{"allow":["GET"]}}],"collection":[{"href":"https:\/\/www.delasalle.qc.ca\/index.php?rest_route=\/wp\/v2\/pages"}],"about":[{"href":"https:\/\/www.delasalle.qc.ca\/index.php?rest_route=\/wp\/v2\/types\/page"}],"author":[{"embeddable":true,"href":"https:\/\/www.delasalle.qc.ca\/index.php?rest_route=\/wp\/v2\/users\/1"}],"replies":[{"embeddable":true,"href":"https:\/\/www.delasalle.qc.ca\/index.php?rest_route=%2Fwp%2Fv2%2Fcomments&post=209"}],"version-history":[{"count":3,"href":"https:\/\/www.delasalle.qc.ca\/index.php?rest_route=\/wp\/v2\/pages\/209\/revisions"}],"predecessor-version":[{"id":1350,"href":"https:\/\/www.delasalle.qc.ca\/index.php?rest_route=\/wp\/v2\/pages\/209\/revisions\/1350"}],"wp:attachment":[{"href":"https:\/\/www.delasalle.qc.ca\/index.php?rest_route=%2Fwp%2Fv2%2Fmedia&parent=209"}],"curies":[{"name":"wp","href":"https:\/\/api.w.org\/{rel}","templated":true}]}}