{"id":3358,"date":"2018-03-28T15:00:23","date_gmt":"2018-03-28T19:00:23","guid":{"rendered":"http:\/\/www.delasalle.qc.ca\/?page_id=3358"},"modified":"2018-05-16T11:23:35","modified_gmt":"2018-05-16T15:23:35","slug":"pedagogie","status":"publish","type":"page","link":"https:\/\/www.delasalle.qc.ca\/?page_id=3358","title":{"rendered":"P\u00e9dagogie"},"content":{"rendered":"<p>1942<\/p>\n<p>Andrew (brother). \u00ab\u00a0Teacher problems \u2013 The retarded and the superior child\u00bb, <em>L\u2019enseignement primaire<\/em>, 2, 4(d\u00e9c. 1942)\u00a0: 340-341.<\/p>\n<h3><strong><a href=\"https:\/\/www.delasalle.qc.ca\/wp-content\/uploads\/2018\/05\/TEACHER-PROBLEMS-THE-RETARDED-AND-THE-SUPERIOR-CHILD.docx\">TEACHER PROBLEMS-THE RETARDED AND THE SUPERIOR CHILD<\/a><\/strong><\/h3>\n<p>***<\/p>\n<p>1943<\/p>\n<p>Dominique (fr\u00e8re). \u00abL\u2019hygi\u00e8ne mentale \u00e0 l\u2019\u00e9cole primaire\u00bb, <em>L\u2019enseignement primaire<\/em>, 3, 1(sept. 1943)\u00a0: 19-21; 2(oct. 1943)\u00a0: 104-106; 3(nov. 1943)\u00a0: 200-202; 4(d\u00e9c. 1943)\u00a0: 290-292; 5(janv. 1944)\u00a0: 372-374; 6(f\u00e9v. 1944)\u00a0: 461-463; 7(mars 1944(549-551; 8(av. 1944)\u00a0: 637-639; 9(mai 1944)\u00a0: 731-733.<\/p>\n<h3><strong><a href=\"https:\/\/www.delasalle.qc.ca\/wp-content\/uploads\/2018\/05\/LHYGI\u00c8NE-MENTALE-\u00c0-L\u00c9COLE-PRIMAIRE.docx\">L&rsquo;HYGI\u00c8NE MENTALE \u00c0 L&rsquo;\u00c9COLE PRIMAIRE<\/a><\/strong><\/h3>\n<p>Prudent (brother). \u00abTheories on discipline\u00bb, <em>L\u2019enseignement primaire<\/em>, 2, 9(mai 1943)\u00a0: 787-788.<\/p>\n<h3><strong><a href=\"https:\/\/www.delasalle.qc.ca\/wp-content\/uploads\/2018\/05\/THEORIES-ON-DISCIPLINE.docx\">THEORIES ON DISCIPLINE<\/a><\/strong><\/h3>\n<p>***<\/p>\n<p>1944<\/p>\n<p>Andrew (brother). \u00abRetardation in specific subjects\u00bb, <em>L\u2019enseignement primaire<\/em>, 3, 6(f\u00e9v. 1944)\u00a0: 523-524.<\/p>\n<h3><strong>\u00a0<a href=\"https:\/\/www.delasalle.qc.ca\/wp-content\/uploads\/2018\/05\/RETARDATION-IN-SPECIFIC-SUBJETS.docx\">RETARDATION IN SPECIFIC SUBJETS<\/a><\/strong><\/h3>\n<p>Andrew (brother). \u00abSome conduct maladjustments in children\u00bb, <em>L\u2019enseignement primaire<\/em>, 3, 9(m ai 1944)\u00a0: 793-794.<\/p>\n<h3><strong><a href=\"https:\/\/www.delasalle.qc.ca\/wp-content\/uploads\/2018\/05\/SOME-CONDUCT-MALADJUSTMENTS-IN-CHILDREN.docx\">SOME CONDUCT MALADJUSTMENTS IN CHILDREN<\/a><\/strong><\/h3>\n<p>Fidelis (brother). \u00abClassroom technique\u00bb, <em>L\u2019enseignement primaire<\/em>, 4, 2(oct. 1944)\u00a0: 288-290; 3(nov.-d\u00e9c. 1945)\u00a0: 365-366.<\/p>\n<h3><strong><a href=\"https:\/\/www.delasalle.qc.ca\/wp-content\/uploads\/2018\/05\/CLASSROOM-TECHNIQUE.docx\">CLASSROOM TECHNIQUE<\/a><\/strong><\/h3>\n<p>***<\/p>\n<p>1945<\/p>\n<p>Fidelis (brother). \u00abA teacher\u2019s notebook\u00a0\u00bb, <em>L\u2019enseignement primaire<\/em>, 5, 2-3(oct.0-nov. 1945)\u00a0: 184-145.<\/p>\n<h3><strong><a href=\"https:\/\/www.delasalle.qc.ca\/wp-content\/uploads\/2018\/05\/A-TEACHERS-NOTEBOOK.docx\">A TEACHER&rsquo;S NOTEBOOK<\/a><\/strong><\/h3>\n<p>Fidelis (brother). \u00abAuthority and liberty\u00bb, <em>L\u2019enseignement primaire<\/em>, 4, 8-9-10(av.-mai-juin 1945)\u00a0: 572-574.<\/p>\n<h3><strong><a href=\"https:\/\/www.delasalle.qc.ca\/wp-content\/uploads\/2018\/05\/AUTHORITY-AND-LIBERTY.docx\">AUTHORITY AND LIBERTY<\/a><\/strong><\/h3>\n<p><strong>Fidelis (brother). \u00abSome aspects of school discipline\u00bb, <em>L\u2019enseignement primaire<\/em>, 4, 8-9-10(av.-mai-juin 1945)\u00a0: 574-575.\u00a0<\/strong><\/p>\n<h3><a href=\"https:\/\/www.delasalle.qc.ca\/wp-content\/uploads\/2018\/05\/SOME-ASPECT-OF-SCHOOL-DISCIPLINE.docx\"><strong>SOME ASPECT OF SCHOOL DISCIPLINE<\/strong><\/a><\/h3>\n<p>Fidelis (brother). \u00abThose preparation books\u00bb, <em>L\u2019enseignement <\/em>primaire, 5, 4(d\u00e9c. 1945)\u00a0: 285-286.<\/p>\n<h3><strong><a href=\"https:\/\/www.delasalle.qc.ca\/wp-content\/uploads\/2018\/05\/THOSE-PREPARATION-BOOKS.docx\">THOSE PREPARATION BOOKS<\/a><\/strong><\/h3>\n<p>***<\/p>\n<p>1946<\/p>\n<p>Fidelis (brother). \u00abSolving pupil\u2019s difficulties\u00bb, <em>L\u2019enseignement primaire<\/em>, 5, 5(jaonv. 1946)\u00a0: 373-374.<\/p>\n<h3><strong><a href=\"https:\/\/www.delasalle.qc.ca\/wp-content\/uploads\/2018\/05\/SOLVIN-PUPILS-DIFFICULTIES.docx\">SOLVIN PUPIL&rsquo;S DIFFICULTIES<\/a><\/strong><\/h3>\n<p>***<\/p>\n<p>1947<\/p>\n<p>Fidelis (brother). \u00abDisciplinary organization\u00bb, <em>L\u2019enseignement primaire<\/em>, 6, 6(f\u00e9v. 1947)\u00a0:519-522.<\/p>\n<h3><a href=\"https:\/\/www.delasalle.qc.ca\/wp-content\/uploads\/2018\/05\/DISCIPLINARY-ORGANIZATION.docx\"><strong>DISCIPLINARY ORGANIZATION<\/strong><\/a><\/h3>\n<p>***<\/p>\n<p>&nbsp;<\/p>\n","protected":false},"excerpt":{"rendered":"<p>1942 Andrew (brother). \u00ab\u00a0Teacher problems \u2013 The retarded and the superior child\u00bb, L\u2019enseignement primaire, 2, 4(d\u00e9c. 1942)\u00a0: 340-341. TEACHER PROBLEMS-THE RETARDED AND THE SUPERIOR CHILD *** 1943 Dominique (fr\u00e8re). \u00abL\u2019hygi\u00e8ne mentale \u00e0 l\u2019\u00e9cole primaire\u00bb, L\u2019enseignement primaire, 3, 1(sept. 1943)\u00a0: 19-21; 2(oct. 1943)\u00a0: 104-106; 3(nov. 1943)\u00a0: 200-202; 4(d\u00e9c. 1943)\u00a0: 290-292; 5(janv. 1944)\u00a0: 372-374; 6(f\u00e9v. 1944)\u00a0: 461-463;&hellip;<\/p>\n","protected":false},"author":1,"featured_media":0,"parent":0,"menu_order":0,"comment_status":"closed","ping_status":"closed","template":"","meta":{"_bbp_topic_count":0,"_bbp_reply_count":0,"_bbp_total_topic_count":0,"_bbp_total_reply_count":0,"_bbp_voice_count":0,"_bbp_anonymous_reply_count":0,"_bbp_topic_count_hidden":0,"_bbp_reply_count_hidden":0,"_bbp_forum_subforum_count":0,"footnotes":""},"class_list":["post-3358","page","type-page","status-publish","hentry"],"_links":{"self":[{"href":"https:\/\/www.delasalle.qc.ca\/index.php?rest_route=\/wp\/v2\/pages\/3358","targetHints":{"allow":["GET"]}}],"collection":[{"href":"https:\/\/www.delasalle.qc.ca\/index.php?rest_route=\/wp\/v2\/pages"}],"about":[{"href":"https:\/\/www.delasalle.qc.ca\/index.php?rest_route=\/wp\/v2\/types\/page"}],"author":[{"embeddable":true,"href":"https:\/\/www.delasalle.qc.ca\/index.php?rest_route=\/wp\/v2\/users\/1"}],"replies":[{"embeddable":true,"href":"https:\/\/www.delasalle.qc.ca\/index.php?rest_route=%2Fwp%2Fv2%2Fcomments&post=3358"}],"version-history":[{"count":4,"href":"https:\/\/www.delasalle.qc.ca\/index.php?rest_route=\/wp\/v2\/pages\/3358\/revisions"}],"predecessor-version":[{"id":3688,"href":"https:\/\/www.delasalle.qc.ca\/index.php?rest_route=\/wp\/v2\/pages\/3358\/revisions\/3688"}],"wp:attachment":[{"href":"https:\/\/www.delasalle.qc.ca\/index.php?rest_route=%2Fwp%2Fv2%2Fmedia&parent=3358"}],"curies":[{"name":"wp","href":"https:\/\/api.w.org\/{rel}","templated":true}]}}