{"id":5607,"date":"2021-04-15T10:34:03","date_gmt":"2021-04-15T14:34:03","guid":{"rendered":"http:\/\/www.delasalle.qc.ca\/?page_id=5607"},"modified":"2024-03-20T13:25:08","modified_gmt":"2024-03-20T17:25:08","slug":"camp-de-la-salle","status":"publish","type":"page","link":"https:\/\/www.delasalle.qc.ca\/?page_id=5607","title":{"rendered":"Camp De-La-Salle"},"content":{"rendered":"\n<figure class=\"wp-block-image size-large\"><img loading=\"lazy\" decoding=\"async\" width=\"1024\" height=\"614\" src=\"https:\/\/www.delasalle.qc.ca\/wp-content\/uploads\/2024\/03\/CDLS_Logo-Depuis1952_Couleurs-1024x614.png\" alt=\"\" class=\"wp-image-6924\" srcset=\"https:\/\/www.delasalle.qc.ca\/wp-content\/uploads\/2024\/03\/CDLS_Logo-Depuis1952_Couleurs-1024x614.png 1024w, https:\/\/www.delasalle.qc.ca\/wp-content\/uploads\/2024\/03\/CDLS_Logo-Depuis1952_Couleurs-300x180.png 300w, https:\/\/www.delasalle.qc.ca\/wp-content\/uploads\/2024\/03\/CDLS_Logo-Depuis1952_Couleurs-768x461.png 768w, https:\/\/www.delasalle.qc.ca\/wp-content\/uploads\/2024\/03\/CDLS_Logo-Depuis1952_Couleurs.png 1500w\" sizes=\"auto, (max-width: 1024px) 100vw, 1024px\" \/><\/figure>\n\n\n\n<p>Au coeur de Lanaudi\u00e8re, situ\u00e9 dans le sympathique village de Saint-Alphonse-Rodriguez, sur les rives du Lac Rouge, le Camp De-La-Salle offre un cadre enchanteur pour l\u2019\u00e9panouissement des jeunes qui y s\u00e9journent.<\/p>\n\n\n\n<p>Cumulant 72 ans d\u2019exp\u00e9rience aupr\u00e8s des jeunes de 5 \u00e0 15 ans, le CDLS est, pour des milliers d\u2019enfants, une de leur plus importante histoire d\u2019amour!<\/p>\n\n\n\n<p>Le CDLS s\u2019engage \u00e0 initier tous les jeunes \u00e0 la vie de plein air, tout en contribuant \u00e0 leur d\u00e9veloppement physique et intellectuel ainsi qu\u2019\u00e0 favoriser leur apprentissage \u00e0 la vie de groupe. Et tout \u00e7a, en s\u2019amusant !<\/p>\n\n\n\n<p>La philosophie du CDLS repose principalement sur le respect des choix de l\u2019enfant. Le camp propose une panoplie d\u2019activit\u00e9s \u00e0 la carte dont l\u2019originalit\u00e9 r\u00e9side dans la libert\u00e9 qu\u2019a le jeune d\u2019organiser son emploi du temps selon ses go\u00fbts et ses int\u00e9r\u00eats personnels.<\/p>\n\n\n\n<p>Encadr\u00e9s par des moniteurs exp\u00e9riment\u00e9s et attentionn\u00e9s, les jeunes se sentent en s\u00e9curit\u00e9 et appr\u00e9ci\u00e9s. Ainsi, ils peuvent se d\u00e9velopper dans plusieurs facettes de leur personnalit\u00e9 et cr\u00e9er des amiti\u00e9s solides dans un environnement sain.<\/p>\n\n\n\n<p>Un s\u00e9jour au CDLS, \u00e7a change une vie!<\/p>\n\n\n\n<h2 class=\"wp-block-heading\">Nous joindre<\/h2>\n\n\n\n<p>Le Camp De-La-Salle est situ\u00e9 \u00e0 St-Alphonse-Rodriguez dans Lanaudi\u00e8re. \u00c0 30 minutes de Joliette et 1h15 de Montr\u00e9al en voiture.<\/p>\n\n\n\n<p><strong>Adresse postale<br><\/strong>Camp De-La-Salle<br>130, 1re rue lac-Rouge Nord<br>Saint-Alphonse-Rodriguez, Qc<br>J0K 1W0<\/p>\n\n\n\n<p><strong>T\u00e9l\u00e9phone<br><\/strong>sans frais: 1-800-961-2636<br><img loading=\"lazy\" decoding=\"async\" width=\"90\" height=\"22\" src=\"https:\/\/campdelasalle.qc.ca\/wp-content\/uploads\/2017\/04\/450-883-2022.png\" alt=\"\"><\/p>\n\n\n\n<p>Site web: <a href=\"http:\/\/www.campdelasalle.qc.ca\" target=\"_blank\" rel=\"noreferrer noopener\">www.campdelasalle.qc.ca<\/a><\/p>\n\n\n\n<p><strong>Courriel<br><\/strong><a href=\"mailto:info@campdelasalle.qc.ca\" target=\"_blank\" rel=\"noreferrer noopener\">info@campdelasalle.qc.ca<\/a><\/p>\n","protected":false},"excerpt":{"rendered":"<p>Au coeur de Lanaudi\u00e8re, situ\u00e9 dans le sympathique village de Saint-Alphonse-Rodriguez, sur les rives du Lac Rouge, le Camp De-La-Salle offre un cadre enchanteur pour l\u2019\u00e9panouissement des jeunes qui y s\u00e9journent. Cumulant 72 ans d\u2019exp\u00e9rience aupr\u00e8s des jeunes de 5 \u00e0 15 ans, le CDLS est, pour des milliers d\u2019enfants, une de leur plus importante&hellip;<\/p>\n","protected":false},"author":1,"featured_media":0,"parent":0,"menu_order":0,"comment_status":"closed","ping_status":"closed","template":"","meta":{"_bbp_topic_count":0,"_bbp_reply_count":0,"_bbp_total_topic_count":0,"_bbp_total_reply_count":0,"_bbp_voice_count":0,"_bbp_anonymous_reply_count":0,"_bbp_topic_count_hidden":0,"_bbp_reply_count_hidden":0,"_bbp_forum_subforum_count":0,"footnotes":""},"class_list":["post-5607","page","type-page","status-publish","hentry"],"_links":{"self":[{"href":"https:\/\/www.delasalle.qc.ca\/index.php?rest_route=\/wp\/v2\/pages\/5607","targetHints":{"allow":["GET"]}}],"collection":[{"href":"https:\/\/www.delasalle.qc.ca\/index.php?rest_route=\/wp\/v2\/pages"}],"about":[{"href":"https:\/\/www.delasalle.qc.ca\/index.php?rest_route=\/wp\/v2\/types\/page"}],"author":[{"embeddable":true,"href":"https:\/\/www.delasalle.qc.ca\/index.php?rest_route=\/wp\/v2\/users\/1"}],"replies":[{"embeddable":true,"href":"https:\/\/www.delasalle.qc.ca\/index.php?rest_route=%2Fwp%2Fv2%2Fcomments&post=5607"}],"version-history":[{"count":3,"href":"https:\/\/www.delasalle.qc.ca\/index.php?rest_route=\/wp\/v2\/pages\/5607\/revisions"}],"predecessor-version":[{"id":6926,"href":"https:\/\/www.delasalle.qc.ca\/index.php?rest_route=\/wp\/v2\/pages\/5607\/revisions\/6926"}],"wp:attachment":[{"href":"https:\/\/www.delasalle.qc.ca\/index.php?rest_route=%2Fwp%2Fv2%2Fmedia&parent=5607"}],"curies":[{"name":"wp","href":"https:\/\/api.w.org\/{rel}","templated":true}]}}

<figure class="wp-block-image size-large"><img loading="lazy" decoding="async" width="1024" height="614" src="https://www.delasalle.qc.ca/wp-content/uploads/2024/03/CDLS_Logo-Depuis1952_Couleurs-1024x614.png" alt="" class="wp-image-6924" srcset="https://www.delasalle.qc.ca/wp-content/uploads/2024/03/CDLS_Logo-Depuis1952_Couleurs-1024x614.png 1024w, https://www.delasalle.qc.ca/wp-content/uploads/2024/03/CDLS_Logo-Depuis1952_Couleurs-300x180.png 300w, https://www.delasalle.qc.ca/wp-content/uploads/2024/03/CDLS_Logo-Depuis1952_Couleurs-768x461.png 768w, https://www.delasalle.qc.ca/wp-content/uploads/2024/03/CDLS_Logo-Depuis1952_Couleurs.png 1500w" sizes="auto, (max-width: 1024px) 100vw, 1024px" /></figure>



<p>Au coeur de Lanaudière, situé dans le sympathique village de Saint-Alphonse-Rodriguez, sur les rives du Lac Rouge, le Camp De-La-Salle offre un cadre enchanteur pour l’épanouissement des jeunes qui y séjournent.</p>



<p>Cumulant 72 ans d’expérience auprès des jeunes de 5 à 15 ans, le CDLS est, pour des milliers d’enfants, une de leur plus importante histoire d’amour!</p>



<p>Le CDLS s’engage à initier tous les jeunes à la vie de plein air, tout en contribuant à leur développement physique et intellectuel ainsi qu’à favoriser leur apprentissage à la vie de groupe. Et tout ça, en s’amusant !</p>



<p>La philosophie du CDLS repose principalement sur le respect des choix de l’enfant. Le camp propose une panoplie d’activités à la carte dont l’originalité réside dans la liberté qu’a le jeune d’organiser son emploi du temps selon ses goûts et ses intérêts personnels.</p>



<p>Encadrés par des moniteurs expérimentés et attentionnés, les jeunes se sentent en sécurité et appréciés. Ainsi, ils peuvent se développer dans plusieurs facettes de leur personnalité et créer des amitiés solides dans un environnement sain.</p>



<p>Un séjour au CDLS, ça change une vie!</p>



<h2 class="wp-block-heading">Nous joindre</h2>



<p>Le Camp De-La-Salle est situé à St-Alphonse-Rodriguez dans Lanaudière. À 30 minutes de Joliette et 1h15 de Montréal en voiture.</p>



<p><strong>Adresse postale<br></strong>Camp De-La-Salle<br>130, 1re rue lac-Rouge Nord<br>Saint-Alphonse-Rodriguez, Qc<br>J0K 1W0</p>



<p><strong>Téléphone<br></strong>sans frais: 1-800-961-2636<br><img loading="lazy" decoding="async" width="90" height="22" src="https://campdelasalle.qc.ca/wp-content/uploads/2017/04/450-883-2022.png" alt=""></p>



<p>Site web: <a href="http://www.campdelasalle.qc.ca" target="_blank" rel="noreferrer noopener">www.campdelasalle.qc.ca</a></p>



<p><strong>Courriel<br></strong><a href="mailto:info@campdelasalle.qc.ca" target="_blank" rel="noreferrer noopener">info@campdelasalle.qc.ca</a></p>

<p>Au coeur de Lanaudière, situé dans le sympathique village de Saint-Alphonse-Rodriguez, sur les rives du Lac Rouge, le Camp De-La-Salle offre un cadre enchanteur pour l’épanouissement des jeunes qui y séjournent. Cumulant 72 ans d’expérience auprès des jeunes de 5 à 15 ans, le CDLS est, pour des milliers d’enfants, une de leur plus importante&hellip;</p>
